{"id":5955,"date":"2017-01-30T13:00:06","date_gmt":"2017-01-30T13:00:06","guid":{"rendered":"http:\/\/fluid.edge-themes.com\/?page_id=5955"},"modified":"2022-05-31T12:25:48","modified_gmt":"2022-05-31T15:25:48","slug":"empresa","status":"publish","type":"page","link":"https:\/\/carbimetal.com.br\/site\/empresa\/","title":{"rendered":"Empresa"},"content":{"rendered":"<p>[vc_row row_content_width=&#8221;grid&#8221; css=&#8221;.vc_custom_1485854365361{padding-top: 113px !important;padding-bottom: 57px !important;}&#8221;][vc_column width=&#8221;1\/2&#8243; offset=&#8221;vc_col-lg-6 vc_col-md-12&#8243;][vc_empty_space height=&#8221;52px&#8221;][vc_column_text]<\/p>\n<p>Temos como meta principal estar \u00e0 frente, e proporcionar a competitividade de nossos clientes, por meio do fornecimento de produtos e servi\u00e7os inovadores.<\/p>\n<p>[\/vc_column_text][vc_empty_space height=&#8221;16px&#8221;][vc_column_text]Contamos com uma equipe de profissionais qualificados na aplica\u00e7\u00e3o de ferramentas especiais, brocas, suportes, bedames, barras de mandrilar, cabe\u00e7otes de fresamento, insertos de metal duro com perfil, entre outros produtos, desenvolvendo as melhores solu\u00e7\u00f5es para usinagem.[\/vc_column_text][vc_empty_space height=&#8221;16px&#8221;][vc_column_text]Por meio de a\u00e7\u00f5es voltadas \u00e0 qualidade, meio ambiente, sa\u00fade e seguran\u00e7a, buscamos realizar uma gest\u00e3o integrada e respons\u00e1vel, visando a satisfa\u00e7\u00e3o de nossos clientes e colaboradores.<br \/>\n[\/vc_column_text][\/vc_column][vc_column width=&#8221;1\/2&#8243; css=&#8221;.vc_custom_1567363017255{padding-top: 0px !important;padding-left: 7% !important;}&#8221; offset=&#8221;vc_col-lg-6 vc_col-md-12&#8243;][vc_single_image image=&#8221;7959&#8243; img_size=&#8221;full&#8221;][vc_empty_space height=&#8221;27px&#8221;][\/vc_column][\/vc_row][vc_row row_content_width=&#8221;grid&#8221; css=&#8221;.vc_custom_1573095423396{margin-bottom: 57px !important;}&#8221;][vc_column width=&#8221;2\/3&#8243; offset=&#8221;vc_col-sm-offset-3&#8243;]<div class=\"edgtf-section-title-holder\" style=\"text-align: left\">\n\t\t\t<h5 class=\"edgtf-st-title\" style=\"color: #666666\">\n\t\t\t<span>DIFERENCIAIS<\/span>\n\t\t<\/h5>\n\t\t<\/div>[vc_column_text el_id=&#8221;nossos-valores&#8221;]Compromisso Clareza Colabora\u00e7\u00e3o Custo Compet\u00eancia Controle Criatividade Concentra\u00e7\u00e3o<br \/>\nCompetitividade Comando Certeza Conceito Confian\u00e7a Condi\u00e7\u00e3o Caracter\u00edsticas<br \/>\nContribui\u00e7\u00e3o Consolida\u00e7\u00e3o Concorr\u00eancia Aten\u00e7\u00e3o Atualiza\u00e7\u00e3o Antecipa\u00e7\u00e3o<br \/>\nAvalia\u00e7\u00e3o Agilidade Aptid\u00e3o Agrega\u00e7\u00e3o Anu\u00eancia Amor A\u00e7\u00e3o<br \/>\nAtitude Aprova\u00e7\u00e3o Raz\u00e3o Relacionamento Rea\u00e7\u00e3o Risco<br \/>\nRespeito Resultado Rentabilidade Reconhecimento<br \/>\nResgate Remunera\u00e7\u00e3o Rapidez Recrea\u00e7\u00e3o<br \/>\nReten\u00e7\u00e3o Receptividade Brasilidade<br \/>\nBondade Brasileira Beleza<br \/>\nBenignidade Intelig\u00eancia<br \/>\nInvestimento Inclus\u00e3o<br \/>\nInten\u00e7\u00e3o Inspe\u00e7\u00e3o<br \/>\nInova\u00e7\u00e3o<br \/>\n[\/vc_column_text][\/vc_column][\/vc_row][vc_row row_content_width=&#8221;grid&#8221; css=&#8221;.vc_custom_1573095423396{margin-bottom: 57px !important;}&#8221;][vc_column width=&#8221;1\/3&#8243;]<div class=\"edgtf-section-title-holder\" style=\"text-align: left\">\n\t\t\t<h5 class=\"edgtf-st-title\" style=\"color: #666666\">\n\t\t\t<span>MISS\u00c3O<\/span>\n\t\t<\/h5>\n\t\t<\/div>[vc_column_text]Fornecer solu\u00e7\u00f5es para usinagem por meio de ferramentas de corte e tecnologias afins, buscar a sustentabilidade integral do neg\u00f3cio e garantir lucratividade.[\/vc_column_text][\/vc_column][vc_column width=&#8221;1\/3&#8243;]<div class=\"edgtf-section-title-holder\" style=\"text-align: left\">\n\t\t\t<h5 class=\"edgtf-st-title\" style=\"color: #666666\">\n\t\t\t<span>VIS\u00c3O<\/span>\n\t\t<\/h5>\n\t\t<\/div>[vc_column_text]Ser refer\u00eancia na regi\u00e3o de atua\u00e7\u00e3o, com foco na produtividade e rentabilidade do cliente, crescer em aplica\u00e7\u00f5es de produto e desenvolver continuamente a equipe tecnicamente e comercialmente.[\/vc_column_text][\/vc_column][vc_column width=&#8221;1\/3&#8243;]<div class=\"edgtf-section-title-holder\" style=\"text-align: left\">\n\t\t\t<h5 class=\"edgtf-st-title\" style=\"color: #666666\">\n\t\t\t<span>VALORES<\/span>\n\t\t<\/h5>\n\t\t<\/div>[vc_column_text]Compromisso nos neg\u00f3cios, Ambiente Colaborativo, Respeito ao Ser Humano, Boas Pr\u00e1ticas em ESG, Integridade e \u00c9tica, Metas Claras, Esp\u00edrito Inovador, Trabalho com Foco, Amor ao Pa\u00eds, Lideran\u00e7a nas A\u00e7\u00f5es.[\/vc_column_text][\/vc_column][\/vc_row]<\/p>\n","protected":false},"excerpt":{"rendered":"<p>[vc_row row_content_width=&#8221;grid&#8221; css=&#8221;.vc_custom_1485854365361{padding-top: 113px !important;padding-bottom: 57px !important;}&#8221;][vc_column width=&#8221;1\/2&#8243; offset=&#8221;vc_col-lg-6 vc_col-md-12&#8243;][vc_empty_space height=&#8221;52px&#8221;][vc_column_text] Temos como meta principal estar \u00e0 frente, e proporcionar a competitividade de nossos clientes, por meio do fornecimento de produtos e servi\u00e7os inovadores. [\/vc_column_text][vc_empty_space height=&#8221;16px&#8221;][vc_column_text]Contamos com uma equipe de [&hellip;]<\/p>\n","protected":false},"author":6,"featured_media":0,"parent":0,"menu_order":0,"comment_status":"closed","ping_status":"closed","template":"full-width.php","meta":{"footnotes":""},"class_list":["post-5955","page","type-page","status-publish","hentry"],"yoast_head":"<!-- This site is optimized with the Yoast SEO plugin v23.2 - https:\/\/yoast.com\/wordpress\/plugins\/seo\/ -->\n<title>Empresa - Comercio de Ferramentas de Usinagem<\/title>\n<meta name=\"robots\" content=\"index, follow, max-snippet:-1, max-image-preview:large, max-video-preview:-1\" \/>\n<link rel=\"canonical\" href=\"https:\/\/carbimetal.com.br\/site\/empresa\/\" \/>\n<meta property=\"og:locale\" content=\"pt_BR\" \/>\n<meta property=\"og:type\" content=\"article\" \/>\n<meta property=\"og:title\" content=\"Empresa - Comercio de Ferramentas de Usinagem\" \/>\n<meta property=\"og:description\" content=\"[vc_row row_content_width=&#8221;grid&#8221; css=&#8221;.vc_custom_1485854365361{padding-top: 113px !important;padding-bottom: 57px !important;}&#8221;][vc_column width=&#8221;1\/2&#8243; offset=&#8221;vc_col-lg-6 vc_col-md-12&#8243;][vc_empty_space height=&#8221;52px&#8221;][vc_column_text] Temos como meta principal estar \u00e0 frente, e proporcionar a competitividade de nossos clientes, por meio do fornecimento de produtos e servi\u00e7os inovadores. [\/vc_column_text][vc_empty_space height=&#8221;16px&#8221;][vc_column_text]Contamos com uma equipe de [&hellip;]\" \/>\n<meta property=\"og:url\" content=\"https:\/\/carbimetal.com.br\/site\/empresa\/\" \/>\n<meta property=\"og:site_name\" content=\"Comercio de Ferramentas de Usinagem\" \/>\n<meta property=\"article:modified_time\" content=\"2022-05-31T15:25:48+00:00\" \/>\n<meta name=\"twitter:card\" content=\"summary_large_image\" \/>\n<meta name=\"twitter:label1\" content=\"Est. tempo de leitura\" \/>\n\t<meta name=\"twitter:data1\" content=\"2 minutos\" \/>\n<script type=\"application\/ld+json\" class=\"yoast-schema-graph\">{\"@context\":\"https:\/\/schema.org\",\"@graph\":[{\"@type\":\"WebPage\",\"@id\":\"https:\/\/carbimetal.com.br\/site\/empresa\/\",\"url\":\"https:\/\/carbimetal.com.br\/site\/empresa\/\",\"name\":\"Empresa - Comercio de Ferramentas de Usinagem\",\"isPartOf\":{\"@id\":\"https:\/\/carbimetal.com.br\/site\/#website\"},\"datePublished\":\"2017-01-30T13:00:06+00:00\",\"dateModified\":\"2022-05-31T15:25:48+00:00\",\"breadcrumb\":{\"@id\":\"https:\/\/carbimetal.com.br\/site\/empresa\/#breadcrumb\"},\"inLanguage\":\"pt-BR\",\"potentialAction\":[{\"@type\":\"ReadAction\",\"target\":[\"https:\/\/carbimetal.com.br\/site\/empresa\/\"]}]},{\"@type\":\"BreadcrumbList\",\"@id\":\"https:\/\/carbimetal.com.br\/site\/empresa\/#breadcrumb\",\"itemListElement\":[{\"@type\":\"ListItem\",\"position\":1,\"name\":\"In\u00edcio\",\"item\":\"http:\/\/carbimetal.com.br\/site\/\"},{\"@type\":\"ListItem\",\"position\":2,\"name\":\"Empresa\"}]},{\"@type\":\"WebSite\",\"@id\":\"https:\/\/carbimetal.com.br\/site\/#website\",\"url\":\"https:\/\/carbimetal.com.br\/site\/\",\"name\":\"Comercio de Ferramentas de Usinagem\",\"description\":\"\",\"potentialAction\":[{\"@type\":\"SearchAction\",\"target\":{\"@type\":\"EntryPoint\",\"urlTemplate\":\"https:\/\/carbimetal.com.br\/site\/?s={search_term_string}\"},\"query-input\":\"required name=search_term_string\"}],\"inLanguage\":\"pt-BR\"}]}<\/script>\n<!-- \/ Yoast SEO plugin. -->","yoast_head_json":{"title":"Empresa - Comercio de Ferramentas de Usinagem","robots":{"index":"index","follow":"follow","max-snippet":"max-snippet:-1","max-image-preview":"max-image-preview:large","max-video-preview":"max-video-preview:-1"},"canonical":"https:\/\/carbimetal.com.br\/site\/empresa\/","og_locale":"pt_BR","og_type":"article","og_title":"Empresa - Comercio de Ferramentas de Usinagem","og_description":"[vc_row row_content_width=&#8221;grid&#8221; css=&#8221;.vc_custom_1485854365361{padding-top: 113px !important;padding-bottom: 57px !important;}&#8221;][vc_column width=&#8221;1\/2&#8243; offset=&#8221;vc_col-lg-6 vc_col-md-12&#8243;][vc_empty_space height=&#8221;52px&#8221;][vc_column_text] Temos como meta principal estar \u00e0 frente, e proporcionar a competitividade de nossos clientes, por meio do fornecimento de produtos e servi\u00e7os inovadores. [\/vc_column_text][vc_empty_space height=&#8221;16px&#8221;][vc_column_text]Contamos com uma equipe de [&hellip;]","og_url":"https:\/\/carbimetal.com.br\/site\/empresa\/","og_site_name":"Comercio de Ferramentas de Usinagem","article_modified_time":"2022-05-31T15:25:48+00:00","twitter_card":"summary_large_image","twitter_misc":{"Est. tempo de leitura":"2 minutos"},"schema":{"@context":"https:\/\/schema.org","@graph":[{"@type":"WebPage","@id":"https:\/\/carbimetal.com.br\/site\/empresa\/","url":"https:\/\/carbimetal.com.br\/site\/empresa\/","name":"Empresa - Comercio de Ferramentas de Usinagem","isPartOf":{"@id":"https:\/\/carbimetal.com.br\/site\/#website"},"datePublished":"2017-01-30T13:00:06+00:00","dateModified":"2022-05-31T15:25:48+00:00","breadcrumb":{"@id":"https:\/\/carbimetal.com.br\/site\/empresa\/#breadcrumb"},"inLanguage":"pt-BR","potentialAction":[{"@type":"ReadAction","target":["https:\/\/carbimetal.com.br\/site\/empresa\/"]}]},{"@type":"BreadcrumbList","@id":"https:\/\/carbimetal.com.br\/site\/empresa\/#breadcrumb","itemListElement":[{"@type":"ListItem","position":1,"name":"In\u00edcio","item":"http:\/\/carbimetal.com.br\/site\/"},{"@type":"ListItem","position":2,"name":"Empresa"}]},{"@type":"WebSite","@id":"https:\/\/carbimetal.com.br\/site\/#website","url":"https:\/\/carbimetal.com.br\/site\/","name":"Comercio de Ferramentas de Usinagem","description":"","potentialAction":[{"@type":"SearchAction","target":{"@type":"EntryPoint","urlTemplate":"https:\/\/carbimetal.com.br\/site\/?s={search_term_string}"},"query-input":"required name=search_term_string"}],"inLanguage":"pt-BR"}]}},"_links":{"self":[{"href":"https:\/\/carbimetal.com.br\/site\/wp-json\/wp\/v2\/pages\/5955"}],"collection":[{"href":"https:\/\/carbimetal.com.br\/site\/wp-json\/wp\/v2\/pages"}],"about":[{"href":"https:\/\/carbimetal.com.br\/site\/wp-json\/wp\/v2\/types\/page"}],"author":[{"embeddable":true,"href":"https:\/\/carbimetal.com.br\/site\/wp-json\/wp\/v2\/users\/6"}],"replies":[{"embeddable":true,"href":"https:\/\/carbimetal.com.br\/site\/wp-json\/wp\/v2\/comments?post=5955"}],"version-history":[{"count":2,"href":"https:\/\/carbimetal.com.br\/site\/wp-json\/wp\/v2\/pages\/5955\/revisions"}],"predecessor-version":[{"id":8136,"href":"https:\/\/carbimetal.com.br\/site\/wp-json\/wp\/v2\/pages\/5955\/revisions\/8136"}],"wp:attachment":[{"href":"https:\/\/carbimetal.com.br\/site\/wp-json\/wp\/v2\/media?parent=5955"}],"curies":[{"name":"wp","href":"https:\/\/api.w.org\/{rel}","templated":true}]}}